**2 + 363*w + 108. Give k(-36).
0
Let l(g) = 58*g + 422. Give l(-7).
16
Let l(i) = i**3 + 79*i**2 - 698*i - 197. What is l(-87)?
-23
Let w(i) = 95*i**2 + 97*i + 8. Calculate w(-1).
6
Let n(x) = 29*x + 2462. Give n(-85).
-3
Let n(a) = 4*a**2 + 7*a - 4. Determine n(2).
26
Let v(i) = 5*i**2 + 695*i + 2038. What is v(-3)?
-2
Let m(s) = -67*s + 497. Give m(12).
-307
Let t(f) = 3693*f - 18461. What is t(5)?
4
Let k(t) = -13*t**3 + 407*t**2 - 123*t - 34. Give k(31).
-3
Let x(c) = -229*c - 1625. Determine x(-7).
-22
Let z(y) = y**2 - 60*y + 403. Calculate z(52).
-13
Let j(v) = -26*v - 57. Give j(-11).
229
Let z(d) = 455*d - 7603. What is z(17)?
132
Let b(p) = p**3 - 40*p**2 + 50*p - 511. What is b(39)?
-82
Let y(i) = i**3 + 19*i**2 - 5*i + 18. Give y(-19).
113
Let y(x) = -21*x - 2428. Calculate y(-116).
8
Let b(k) = k**3 - 94*k**2 - 88*k - 689. Calculate b(95).
-24
Let b(h) = h**3 + 53*h**2 + 59*h + 359. Determine b(-52).
-5
Let u(n) = -14710*n + 44122. Give u(3).
-8
Let c(h) = -h**3 - 2*h**2 - 167*h + 167. What is c(1)?
-3
Let r(f) = -3306*f + 13235. Give r(4).
11
Let a(d) = -7*d + 119. Determine a(26).
-63
Let w(p) = 2*p**2 + 12*p - 260. Give w(-15).
10
Let o(a) = -4247*a - 16993. Give o(-4).
-5
Let k(d) = -217*d + 11. Determine k(-1).
228
Let z(t) = 7*t - 36. Calculate z(-9).
-99
Let k(a) = a**3 - 39*a**2 + 193*a + 13. Calculate k(6).
-17
Let f(c) = 2*c**2 - 74*c - 608. Calculate f(44).
8
Let f(h) = -6*h**2 + 123*h - 83. Calculate f(20).
-23
Let a(w) = -w**3 + 18*w**2 - 28. What is a(18)?
-28
Let x(z) = -3*z**3 - 22*z**2 + 34*z + 291. What is x(-7)?
4
Let o(r) = -r**2 - 4621*r - 4623. Determine o(-1).
-3
Let z(j) = -j**3 - 5*j**2 + 174*j - 6. Determine z(0).
-6
Let a(s) = -39*s**2 + 714*s - 213. Give a(18).
3
Let m(z) = -10*z - 6. What is m(2)?
-26
Let z(c) = 102*c + 17. Give z(1).
119
Let w(s) = -105*s - 115. Calculate w(-1).
-10
Let a(m) = m**2 - 29*m - 477. Give a(41).
15
Let i(x) = -6*x - 114. Give i(-14).
-30
Let p(i) = 17*i + 599. Determine p(-36).
-13
Let g(t) = -3*t**3 + 37*t**2 - 11*t + 20. Give g(12).
32
Let z(p) = -p**2 - 16*p + 25. What is z(2)?
-11
Let n(w) = 35*w + 29. Determine n(-1).
-6
Let z(w) = -148*w - 1537. Calculate z(-9).
-205
Let u(k) = -k**3 + 77*k**2 - 543*k - 24. Give u(8).
48
Let o(g) = 2*g**3 - 91*g**2 + 221*g - 292. Determine o(43).
-34
Let i(z) = z**2 - 49*z + 153. Determine i(46).
15
Let m(s) = -63*s**3 + 14*s**2 + 12*s - 1. What is m(-1)?
64
Let q(d) = 51*d + 5193. Give q(-102).
-9
Let x(t) = -t**2 + 107*t + 1010. What is x(-9)?
-34
Let t(a) = a**2 + 84*a + 1764. Calculate t(-40).
4
Let c(q) = -q**2 - 321*q - 1268. Determine c(-4).
0
Let q(g) = 92*g + 3965. What is q(-43)?
9
Let u(i) = 11*i - 175. Calculate u(19).
34
Let q(s) = 2*s**2 - 3*s + 4. Determine q(6).
58
Let u(o) = -o**3 - 14*o**2 - 30*o - 16. Calculate u(-14).
404
Let v(i) = -7*i**3 + 7*i**2 + 24*i + 9. What is v(-3)?
189
Let z(u) = 364*u + 5102. Give z(-14).
6
Let s(w) = -w**2 - w + 48. Determine s(-13).
-108
Let y(n) = 116*n + 6378. Determine y(-55).
-2
Let d(c) = 25261*c - 101050. What is d(4)?
-6
Let r(i) = i**2 - 4*i - 17. Calculate r(4).
-17
Let k(m) = -m**3 - 8*m**2 + 14*m - 58. Give k(-10).
2
Let z(k) = 15*k**2 - 3006*k + 1206. Calculate z(200).
6
Let u(z) = -4*z**3 - 693*z**2 - 164*z + 1551. Give u(-173).
-6
Let k(p) = p**3 - 9*p**2 - 17*p + 3. What is k(9)?
-150
Let l(g) = g**2 + 167*g - 882. Give l(5).
-22
Let r(c) = 12*c + 152. Give r(-13).
-4
Let o(m) = 15*m + 7. What is o(3)?
52
Let b(c) = 4*c**3 - c**2 - 12*c - 5. Give b(-3).
-86
Let p(o) = 191*o - 1486. Give p(8).
42
Let j(f) = 82*f + 919. What is j(-11)?
17
Let f(y) = 62*y**2 - 75*y + 401. Give f(5).
1576
Let n(u) = 854*u + 6835. Determine n(-8).
3
Let o(q) = q**2 + 38*q - 345. What is o(-26)?
-657
Let u(m) = -6*m**3 + m**2 - 2*m + 5. What is u(2)?
-43
Let c(j) = j**2 - 21*j - 46. Determine c(-2).
0
Let n(d) = 303*d - 11. Give n(0).
-11
Let r(q) = -11*q**3 + 219*q**2 + 28*q - 162. Calculate r(20).
-2
Let m(b) = -b - 171. What is m(-8)?
-163
Let c(r) = 5*r**3 + 154*r**2 - 19*r + 207. Give c(-31).
-165
Let t(d) = -151*d + 37596. Give t(249).
-3
Let j(c) = 112*c - 5147. Determine j(46).
5
Let z(q) = -q**3 - 2*q**2 - 7891*q - 15783. What is z(-2)?
-1
Let x(p) = 4*p**3 - 25*p**2 + 14*p + 10. Determine x(5).
-45
Let r(q) = 2*q**3 + 35*q**2 - 61*q - 85. Give r(-19).
-9
Let i(v) = -2*v**2 - 71*v - 601. Determine i(-13).
-16
Let x(d) = 23*d - 88. Calculate x(7).
73
Let t(p) = -10*p**2 - 1212*p + 983. Give t(-122).
7
Let s(p) = 125*p - 679. Calculate s(6).
71
Let s(g) = -67*g - 8068. What is s(-119)?
-95
Let b(r) = r**3 + 104*r**2 - 14*r - 1461. Give b(-104).
-5
Let m(j) = -2*j**3 + 130*j**2 - 2*j + 134. Give m(65).
4
Let k(d) = 2*d**2 - 73*d - 491. Determine k(-6).
19
Let p(z) = 83*z - 2430. Calculate p(29).
-23
Let a(w) = 454*w + 7258. Give a(-16).
-6
Let h(t) = 2*t**2 - 97*t - 11. What is h(47)?
-152
Let n(g) = 40*g**2 - 1037*g - 78. Give n(26).
0
Let q(x) = -60*x - 7. Calculate q(-3).
173
Let a(c) = -2*c**3 + 10*c**2 + 17*c - 29. Calculate a(6).
1
Let k(o) = -o**3 + 25*o**2 + 59*o + 55. Determine k(28).
-645
Let l(d) = -65*d**2 - 94*d - 3. What is l(-2)?
-75
Let x(t) = t**3 - 19*t**2 - 10*t + 246. Give x(19).
56
Let h(k) = 2*k**3 + 7*k + 5. Give h(3).
80
Let i(h) = 118*h - 1441. Determine i(13).
93
Let t(j) = 725*j - 60888. Determine t(84).
12
Let t(i) = 174*i**2 - 9*i - 10. Determine t(-1).
173
Let a(b) = 9*b - 252. Calculate a(26).
-18
Let h(k) = -7*k**2 - 421*k - 40. What is h(-60)?
20
Let y(k) = -2*k**2 - 23*k - 57. Determine y(-13).
-96
Let x(a) = -57*a + 265. Determine x(6).
-77
Let t(y) = -y**3 - 6*y**2 - 160*y - 1415. Give t(-8).
-7
Let i(z) = -z**3 + 13*z**2 - 21*z + 28. What is i(8)?
180
Let v(m) = -86*m - 314. Calculate v(6).
-830
Let i(o) = -2*o**3 - 16*o**2 - 63*o - 720. Calculate i(-9).
9
Let j(f) = -f**3 + 27*f**2 - 35*f + 36. What is j(26)?
-198
Let h(y) = 3*y**2 + 13*y - 230. Calculate h(10).
200
Let o(s) = -254*s - 17283. Give o(-68).
-11
Let w(c) = -2*c**2 + 44*c + 282. Calculate w(-5).
12
Let w(l) = 875*l + 6099. What is w(-7)?
-26
Let x(u) = -u**3 + 7*u**2 + 31*u - 146. Calculate x(9).
-29
Let v(k) = 4*k**2 - 155*k - 96. Give v(40).
104
Let g(u) = u**3 - 13*u**2 - 53*u + 857. Calculate g(13).
168
Let f(v) = -v**2 + 11*v + 64. Determine f(-8).
-88
Let i(d) = d**3 - 46*d**2 - 44*d - 25. Calculate i(47).
116
Let z(f) = 11*f - 59. Calculate z(8).
29
Let m(u) = -u**3 + 55*u + 62. Determine m(-7).
20
Let p(k) = k**2 + 991*k + 2961. What is p(-3)?
-3
Let l(f) = -79*f - 396. Give l(-5).
-1
Let p(g) = -g**3 - 6*g**2 + 2*g + 135. Give p(0).
135
Let w(v) = -361*v + 12994. Calculate w(36).
-2
Let v(a) = 6*a - 569. Determine v(96).
7
Let t(b) = b**3 + 103*b**2 - 422*b + 314. Calculate t(3).
2
Let o(k) = k**3 - 5*k**2 - k - 29. Determine o(6).
1
Let q(y) = -y**2 - 295*y + 2110. What is q(7)?
-4
Let h(n) = 6*n**3 + 85*n**2 + 17*n + 44. Calculate h(-14).
2
Let k(u) = 2*u**3 - 9*u**2 - 7*u + 1. Determine k(5).
-9
Let t(c) = -c**3 - c**2 + 22*c + 18. Calculate t(-5).
8
Let f(y) = 32*y**2 - 2851*y + 264. Calculate f(89).
-3
Let z(n) = -n**3 - 53*n**2 + 346*n + 52. Determine z(6).
4
Let t(b) = b**2 + 135*b + 411. Calculate t(-3).
15
Let z(f) = 2*f**3 - 15*f**2 - 29*f + 83. What is z(6)?
-199
Let r(s) = s**3 - 6*s**2 + 9*s + 8. Calculate r(6).
62
Let i(n) = 126*n**2 + 8*n - 4. Calculate i(-1).
114
Let u(s) = 32*s + 481. What is u(-15)?
1
Let s(l) = -114*l - 361. Calculate s(-3).
-19
Let u(r) = -2*r**3 + 26*r**2 - 12*r + 9. Give u(13).
-147
Let l(k) = -4*k**2 - 68*k + 215. Determine l(3).
-25
Let n(w) = w**3 - 9*w**2 + 2*w + 25. Give n(5).
-65
Let m(c) = -3*c**3 + 13*c**2 - 132*c + 975. Calculate m(6).
3
Let r(c) = -11*c**2 + 2*c + 30. Determine r(4).
-138
Let q(p) = -10*p**3 - 33*p**2 - 3*p + 3. Determine q(-3).
-15
Let p(h) = -h**3 - 149*h**2 - 4738*h + 5. Calculate p(-103).
5
Let u(f) = -3*f**2 - 130*f - 692. Give u(-6).
-20
Let s(i) = 2*i**3 + 4*i**2 - 41*i - 6. Determine s(4).
22
Let u(i) = -385*i - 14626. Give u(-38).
4
Let h(i) = -i**2 - 343*i - 9088. What is h(-29)?
18
Let v(c) = c**2 + 100*c - 5057. What is v(37)?
12
Let f(a) = -188*a - 4486. Determine f(-24).
26
Let h(u) = u**3 - 32*u**2 - 33*u - 45. Give h(33).
-45
Let x(t) = -6*t**2 + 42*t + 107. Calculate x(9).
-1
Let f(o) = 2*